{"id":3179,"date":"2023-02-06T15:08:44","date_gmt":"2023-02-06T13:08:44","guid":{"rendered":"http:\/\/kidshockey.lv\/?page_id=3179"},"modified":"2025-11-11T20:24:16","modified_gmt":"2025-11-11T18:24:16","slug":"bernu-uznemsana","status":"publish","type":"page","link":"https:\/\/kidshockey.lv\/?page_id=3179&lang=lv","title":{"rendered":"B\u0113rnu uz\u0146em\u0161ana"},"content":{"rendered":"\n<p>M\u016bsu skola aicina visus pirmsskolas vecuma 2020\/2021\/2022 dzim\u0161anas gada b\u0113rnus uz bezmaksas iepaz\u012b\u0161an\u0101s treni\u0146iem, kas notiek gan sporta z\u0101l\u0113, gan uz ledus, katru ned\u0113\u013cu.<\/p>\n\n\n\n<p>M\u016bsu hokeja skola apm\u0101ca b\u0113rnus no 3 gadu vecuma. Tos, kuri v\u0113las pirmo reizi uzs\u0101kt slido\u0161anu un tos,\nkuri jau nodarbojas ar hokeju un v\u0113las sasniegt lielus rezult\u0101tus. Treni\u0146u process ir saorganiz\u0113ts t\u0101, lai\nb\u0113rnam b\u016btu viegli un interesanti nodarboties. M\u0113s ieaudzin\u0101m m\u012blest\u012bbu pret hokeju un sportu kopum\u0101.\nVispirms ir b\u0113rna l\u012bme\u0146a nov\u0113rt\u0113jums, p\u0113c tam pareizs uzdevumu uzst\u0101d\u012bjums un galvenais \u2013 past\u0101v\u012bgs,\nindividu\u0101ls darbs ar jauno sportistu. B\u0113rniem tiek apm\u0101c\u012bti visi nepiecie\u0161amie elementi: slido\u0161anas\ntehnika, n\u016bjas un ripas vad\u012b\u0161ana, hokeja sp\u0113les taktika. \u012apa\u0161u uzman\u012bbu m\u0113s piev\u0113r\u0161am psiholo\u0123iskajam\ndarbam ar b\u0113rnu, discipl\u012bnas att\u012bst\u012bbai, stipras gribas \u012bpa\u0161\u012bb\u0101m, uzman\u012bbas koncentr\u0101cijai, pateicoties kam\nm\u016bsu audz\u0113k\u0146i par\u0101da rezult\u0101tus ne tikai uz ledus, bet ar\u012b m\u0101c\u012bb\u0101s, dz\u012bv\u0113 un cit\u0101s aktivit\u0101t\u0113s.<\/p>\n\n\n\n<p><br>Inform\u0101cija pa telefonu +37120277709.<\/p>\n\n\n\n<p><iframe data-src=\"https:\/\/www.google.com\/maps\/embed?pb=!1m18!1m12!1m3!1d2176.1968801767794!2d24.167018215977183!3d56.945428080889144!2m3!1f0!2f0!3f0!3m2!1i1024!2i768!4f13.1!3m3!1m2!1s0x46eece171a0edd1d%3A0xbf0f99dbe19b6424!2sVietalvas%20iela%2015%2C%20Latgales%20priek%C5%A1pils%C4%93ta%2C%20R%C4%ABga%2C%20LV-1035!5e0!3m2!1sru!2slv!4v1578842530782!5m2!1sru!2slv\" width=\"600\" height=\"200\" frameborder=\"0\" style=\"border:0;\" allowfullscreen=\"\" src=\"data:image\/svg+xml;base64,PHN2ZyB3aWR0aD0iMSIgaGVpZ2h0PSIxIiB4bWxucz0iaHR0cDovL3d3dy53My5vcmcvMjAwMC9zdmciPjwvc3ZnPg==\" class=\"lazyload\" data-load-mode=\"1\"><\/iframe><\/p>\n","protected":false},"excerpt":{"rendered":"<p>M\u016bsu skola aicina visus pirmsskolas vecuma 2020\/2021\/2022 dzim\u0161anas gada b\u0113rnus uz bezmaksas iepaz\u012b\u0161an\u0101s treni\u0146iem, kas notiek gan sporta z\u0101l\u0113, gan uz ledus, katru ned\u0113\u013cu. M\u016bsu hokeja skola apm\u0101ca b\u0113rnus no 3 gadu vecuma. Tos, kuri v\u0113las pirmo reizi uzs\u0101kt slido\u0161anu un tos, kuri jau nodarbojas ar hokeju un v\u0113las sasniegt lielus rezult\u0101tus. Treni\u0146u process ir [&hellip;]<\/p>\n","protected":false},"author":1,"featured_media":0,"parent":0,"menu_order":0,"comment_status":"closed","ping_status":"closed","template":"","meta":{"footnotes":""},"class_list":["post-3179","page","type-page","status-publish","hentry"],"_links":{"self":[{"href":"https:\/\/kidshockey.lv\/index.php?rest_route=\/wp\/v2\/pages\/3179","targetHints":{"allow":["GET"]}}],"collection":[{"href":"https:\/\/kidshockey.lv\/index.php?rest_route=\/wp\/v2\/pages"}],"about":[{"href":"https:\/\/kidshockey.lv\/index.php?rest_route=\/wp\/v2\/types\/page"}],"author":[{"embeddable":true,"href":"https:\/\/kidshockey.lv\/index.php?rest_route=\/wp\/v2\/users\/1"}],"replies":[{"embeddable":true,"href":"https:\/\/kidshockey.lv\/index.php?rest_route=%2Fwp%2Fv2%2Fcomments&post=3179"}],"version-history":[{"count":3,"href":"https:\/\/kidshockey.lv\/index.php?rest_route=\/wp\/v2\/pages\/3179\/revisions"}],"predecessor-version":[{"id":3572,"href":"https:\/\/kidshockey.lv\/index.php?rest_route=\/wp\/v2\/pages\/3179\/revisions\/3572"}],"wp:attachment":[{"href":"https:\/\/kidshockey.lv\/index.php?rest_route=%2Fwp%2Fv2%2Fmedia&parent=3179"}],"curies":[{"name":"wp","href":"https:\/\/api.w.org\/{rel}","templated":true}]}}